-231 - -183. Let t be (x/8)/6 + 20/2. What is a(t)?
-5
Let h(y) = -y**3 + 6*y**2 - y - 3. Let k(z) = -1123*z**2 + 13 + 1122*z**2 + z + 3*z. Let a be k(-7). Let t = 70 + a. Calculate h(t).
-9
Let h(v) be the second derivative of v**3/6 - v**2/2 + 20*v. Let o be h(3). Let n(f) = f**3 - 2 + 2*f**2 - 8*f - 7*f**o + 0*f**2. Calculate n(6).
-14
Suppose 0 = -4*q + 6 + 6. Let h be (-3)/((-4)/(12/3)). Let p(t) = 2*t**2 - 2*t + 13*t**h - 2 + 8*t**3 - 22*t**3 + 3*t. Determine p(q).
-8
Let o(i) = 16*i**2 + 76*i + 56. Let m be o(-4). Let j(l) = l**2 - 7*l - 23. Give j(m).
-15
Let v(x) = x**2 + 6*x - 1. Let y be v(-8). Suppose y*g - 10*g - 44 = -4*w, 4*g + w = 33. Let q(a) = -a**3 + 7*a**2 + 8*a - 1. Calculate q(g).
-1
Let g = -6 + 10. Suppose 2*o - g*o = 4. Let s(w) be the second derivative of w**4/4 + w**3/2 + 3*w**2/2 - 26*w. Determine s(o).
9
Let s(g) = -2*g**3 + 21*g**2 + 44*g - 32. Let q(m) = m**3 - 10*m**2 - 17*m + 16. Let x(k) = -5*q(k) - 2*s(k). Calculate x(7).
12
Let i(p) = p**3 - 10*p**2 + 12. Let h be 30/(-40) - -1*(-2)/8. Let q be h + -2 + (5 - -8). Calculate i(q).
12
Let f(d) = d**2 + d + 41. Let s(v) = -44*v**2 + 2024*v. Let o be s(46). What is f(o)?
41
Let z(b) = -9*b - 2. Let q(g) = 7*g + 1. Suppose 3 = 5*y - 17. Let l(u) = y*q(u) + 3*z(u). Let t = -17 + 19. Calculate l(t).
0
Let c be -3*-7*8/(-56). Let t(g) = -g**3 - 3*g**2 - g + 3. Determine t(c).
6
Let i(f) be the third derivative of -f**6/120 - f**5/5 - f**4/2 - 5*f**3/2 + 83*f**2 - 2*f. What is i(-11)?
-4
Let a(k) be the second derivative of k**6/120 + k**5/12 - k**4/6 + k**3 + 12*k**2 - 119*k. Let v(b) be the first derivative of a(b). Determine v(-6).
-6
Let y be ((-2)/(-7))/(2/3 + 1980/(-2079)). Let o(t) = -50*t**2 + 2*t + 2. Determine o(y).
-50
Let x(s) = 2*s**3 - 23*s**2 + 10*s + 19. Let f be x(11). Suppose -4*d + f*d = -36. Let b(j) = j**2 + 9*j + 4. Determine b(d).
4
Let u(j) = -j**3 - 7*j**2 + 12*j + 21. Let n be u(-8). Let s(z) be the third derivative of z**4/24 + 7*z**3/6 - 87*z**2. Calculate s(n).
-4
Let i(v) = 239*v + 8. Let c(b) = -199*b - 9. Let h(a) = 6*c(a) + 5*i(a). Let q be (-21 + 21)*(-2)/4. Determine h(q).
-14
Let t(c) = -5*c - 7. Let p(x) = -6*x - 6. Let d(v) = -4*p(v) + 5*t(v). What is d(-4)?
-7
Suppose -2943 = -3*s - 2*x, 2*s - 5*x + 981 = 3*s. Let d = -979 + s. Let h(u) = 14*u + 3. Let w(p) = 9*p + 2. Let k(v) = -5*h(v) + 8*w(v). Give k(d).
5
Let f(w) = 0 + 2*w - w**2 + 5*w - 5. Let y(t) = -5*t**3 + 2*t**2 + 2*t - 3. Let u be y(1). Let i be u*(-10)/40 - (-1 - 4). Calculate f(i).
1
Let j(s) = 198*s**2 - 629*s**2 + 197*s**2 - 3 + 229*s**2 + 2*s. Calculate j(2).
-19
Let b(h) = 2*h - 19. Let y be b(12). Let v be (-33)/(-18) - (-1 - y/(-6)). Let w(a) be the first derivative of -a**2/2 + 3*a - 11. Give w(v).
1
Let b(u) = 114*u - 17. Let y(n) = 132*n - 18. Let r(z) = 7*b(z) - 6*y(z). Calculate r(3).
7
Let i(w) = -7*w**2 + 12*w + 30. Let j(m) = 2*m**2 - 4*m - 6. Let z(u) = -i(u) - 3*j(u). Determine z(9).
69
Suppose -1 = 3*v + 14. Let m be 41/v - (45/25 + -2). Let x(a) = -a**2 - 9*a - 3. What is x(m)?
5
Let h(f) be the third derivative of -f**4/24 - 36*f**2. Let v = 12 - 12. Suppose -5*n - 17 - 8 = v. Determine h(n).
5
Let b(d) = 2*d**2 + 84*d + 100. Let w(u) = u**2 + 42*u + 50. Let s(g) = 4*b(g) - 7*w(g). Calculate s(-41).
9
Let l(m) be the first derivative of -m**5/20 - m**4/12 + m**3/2 - 61*m**2/2 - 2*m + 225. Let c(s) be the second derivative of l(s). Calculate c(-3).
-18
Let w(l) be the second derivative of 92*l + 13/2*l**2 - 1/3*l**3 + 0. Determine w(7).
-1
Let b = 112 - 82. Suppose -b = 3*w - 39. Let y(q) = -2*q**2 + q**3 - 4*q - 2 - q + 3*q. What is y(w)?
1
Let z = -701 - -770. Suppose -z*v + 96*v = -297. Let w(d) = -2*d - 23. What is w(v)?
-1
Let m(c) = -3*c**2 + c**3 + 2 - 1 + 7*c + 11*c**2. Suppose 4*s + 5 = -3. Let l = -5 + s. Give m(l).
1
Let v(b) = -11*b - 1. Let m = -10 - -8. Let x be (m - -2) + (-5 - -5). Suppose -2*u + a = -4*a - 17, x = u + 5*a + 14. Give v(u).
-12
Suppose 0 = -g - 4*h + 5, 5*g = 8*g - 3*h + 30. Let o be -3*(16/(-12) - 0). Let s(c) = -1 + 33*c - 34*c - o. Calculate s(g).
2
Let o(w) = 3*w + 2. Let s be (-3 + 25/20)*4. Let p(g) = g**2 + 12*g + 11. Let f be p(s). Let u = 18 + f. What is o(u)?
-16
Let b(l) = -8*l + 111. Let d be b(15). Let k(r) = -2*r**2 - 3*r + 139. Calculate k(d).
4
Suppose 8*f + c - 20 = 12*f, 5*f + 25 = c. Let v(l) = 4*l**2 + 22*l + 9. What is v(f)?
-1
Suppose -u = 3*b + 12 - 23, 4*u - 20 = -4*b. Let a(w) = 3*w + 7*w**2 - 2*w**u + 3 + 3*w**2 - 4*w**2. What is a(-2)?
13
Let t(w) = -7*w**2 + 1803*w - 23180. Let r be t(244). Let k(i) = 3*i + 2*i - 4*i + 1. What is k(r)?
1
Let r(b) be the third derivative of b**5/60 + b**4/2 - 31*b**3/2 - 10558*b**2. Determine r(-17).
-8
Let l(i) = i**3 + 12*i**2 + 20*i + 12. Let t = 28 - 39. Let n be l(t). Let m = n - -87. Let j(h) = -h + 7. Calculate j(m).
7
Let b(l) be the second derivative of -l**4/12 - l**3 + 4*l**2 - 4*l. Let t = 760 + -767. Calculate b(t).
1
Let c(q) be the first derivative of q**2/2 + q + 369. Give c(1).
2
Let z(n) = 10 - n**2 + 5*n**3 - 4 - 8*n - 20 + 5 + 2. What is z(-2)?
-35
Let i(f) = -11 + 1 + 9 + 5*f + 4 + 7. Give i(-9).
-35
Let q(z) be the third derivative of -z**5/60 - z**4/3 - 5*z**3/6 - 11*z**2. Let l be (168/(-18) + 8)/(8/36). What is q(l)?
7
Let l(v) = 630*v - 1888. Let g be l(3). Let u(z) be the second derivative of z**5/20 - z**4/4 + z**3 - z**2 - z. Give u(g).
6
Let y = -195 - -207. Let q be (3 + -1)/((-8)/y). Let l(z) be the second derivative of -z**3/3 - 3*z**2/2 - z. Calculate l(q).
3
Let v be ((-52)/(-12))/(12/(-756)). Let w be (v/182)/(6/4). Let r(d) = 7*d + 3. Determine r(w).
-4
Let u(f) be the second derivative of -13*f**3/6 - 30*f**2 + 6378*f. Give u(-3).
-21
Let g = -12 + 8. Let v(c) = -16*c + 971. Let x(n) = 9*n - 555. Let f(m) = -4*v(m) - 7*x(m). Calculate f(g).
-3
Suppose 11 = -5*z + 86. Suppose -2*g - 3*v + 0*v + 15 = 0, -z = 4*g - 3*v. Let d(i) = -i - 8. Calculate d(g).
-8
Let l(s) be the third derivative of s**6/15 - 19*s**5/12 - 11*s**4/24 - 8*s**3/3 - 581*s**2. Determine l(12).
-4
Let j = -662 - -668. Let z(c) = -10*c + 24. What is z(j)?
-36
Suppose -115*q = 209*q - 1944. Let o(a) be the second derivative of a**3 + 0 + a - a**2 - 1/20*a**5 + 5/12*a**4. Calculate o(q).
-2
Let g(z) = -2*z**2 - 7*z + 176. Let p be g(8). Let h(f) = f**3 + 10*f**2 + 15*f - 7. Determine h(p).
1
Let k be (105/14)/((-15)/(-18)) - 6. Let f(n) = 60*n - 182. Calculate f(k).
-2
Let u(s) = 5*s + 5. Let v(m) be the second derivative of -2*m**3/3 - 5*m**2/2 + 12*m. Let o(i) = 3*u(i) + 4*v(i). Let k be (-2)/1*1 - 3. What is o(k)?
0
Let i(w) = -4*w**3 + 47*w + 46. Suppose -11 = 3*x + 4*v, 1185*x - 1189*x + 5*v + 6 = 0. Determine i(x).
3
Let s(w) be the third derivative of w**5/60 - 2*w**3 + 2*w**2. Let a(b) = b**3 + 8*b**2 + 4*b + 17. Let h be a(-7). Let m = h - 38. Give s(m).
-12
Let q(a) = 2*a**3 + 40*a**2 - 39*a + 50. Let j(c) = -6*c**3 + 10*c**2 - 15*c + 17. Let g be j(2). What is q(g)?
-13
Let a(j) be the third derivative of j**5/30 - j**4/4 - 4*j**2. Let i = 1528 + -1524. Determine a(i).
8
Suppose -100*r = -2*l - 96*r + 20, 0 = r. Let u(p) = -p**2 + 11*p - 13. Calculate u(l).
-3
Let o be (-35)/14*4/(-5). Let p(s) = 0 + 1250*s**2 - 1258*s**o + 0. Give p(1).
-8
Let o(l) be the second derivative of l**4/12 + 3*l**3 - 217*l**2/2 + 4181*l. Calculate o(8).
-9
Let j(l) = -926 + 427 - l**2 + 3*l + 501. Give j(7).
-26
Let x(n) = n - 3. Let b be -2*(-4 + (-18)/(-4))*-4. Let p be x(b). Let l(w) = 20*w - 21*w - 3 - 5 - p. Give l(-11).
2
Let z(b) be the second derivative of b**7/840 + b**4/2 + 37*b**3/6 + 5*b - 13. Let a(q) be the second derivative of z(q). What is a(0)?
12
Suppose 225*c + 456 = 73*c. Let v(w) be the third derivative of -w**4/24 + 4*w**2. What is v(c)?
3
Let o = 186 + -182. Let n(k) = 16*k**2 - 9*k**2 - 2*k**2 + 4*k - o*k**2 - 5. Give n(-4).
-5
Let r(w) = -w**2 + 3*w - 2. Let j be (-1)/6 - 425/(-102). Let d(h) = h**3 - 8*h**2 + 18*h - 5. Let m be d(j). Give r(m).
-2
Let n(v) = -6*v**2 + 9*v - 4. Let m = -521 + 523. Determine n(m).
-10
Let d(w) = -59 - 24 + 87 + 4*w - 5. Suppose -42*f + 24 = -46*f. Determine d(f).
-25
Let y(m) be the third derivative of m**5/60 - m**4/12 - 19*m**3/6 - 5*m**2 + 142*m. Determine y(-4).
5
Let m(r) = 168*r + 118. Let a(s) = 1